{"version":"1.0","provider_name":"Mat\u00eds","provider_url":"https:\/\/matis.is\/en","title":"Auki\u00f0 samstarf Mat\u00eds vi\u00f0 Gar\u00f0yrkjusk\u00f3la \u00cdslands - Mat\u00eds","type":"rich","width":600,"height":338,"html":"<blockquote class=\"wp-embedded-content\" data-secret=\"sMRbpU6VS7\"><a href=\"https:\/\/matis.is\/en\/frettir\/aukid-samstarf-matis-vid-gardyrkjuskola-islands\/\">Increased collaboration between Mat\u00eds and the Icelandic Horticultural School<\/a><\/blockquote><iframe sandbox=\"allow-scripts\" security=\"restricted\" src=\"https:\/\/matis.is\/en\/frettir\/aukid-samstarf-matis-vid-gardyrkjuskola-islands\/embed\/#?secret=sMRbpU6VS7\" width=\"600\" height=\"338\" title=\"&quot;Mat\u00eds&#039; increased cooperation with the Icelandic School of Horticulture&quot; \u2014 Mat\u00eds\" data-secret=\"sMRbpU6VS7\" frameborder=\"0\" marginwidth=\"0\" marginheight=\"0\" scrolling=\"no\" class=\"wp-embedded-content\"><\/iframe><script>\n\/*! This file is auto-generated *\/\n!function(d,l){\"use strict\";l.querySelector&&d.addEventListener&&\"undefined\"!=typeof URL&&(d.wp=d.wp||{},d.wp.receiveEmbedMessage||(d.wp.receiveEmbedMessage=function(e){var t=e.data;if((t||t.secret||t.message||t.value)&&!\/[^a-zA-Z0-9]\/.test(t.secret)){for(var s,r,n,a=l.querySelectorAll('iframe[data-secret=\"'+t.secret+'\"]'),o=l.querySelectorAll('blockquote[data-secret=\"'+t.secret+'\"]'),c=new RegExp(\"^https?:$\",\"i\"),i=0;i<o.length;i++)o[i].style.display=\"none\";for(i=0;i<a.length;i++)s=a[i],e.source===s.contentWindow&&(s.removeAttribute(\"style\"),\"height\"===t.message?(1e3<(r=parseInt(t.value,10))?r=1e3:~~r<200&&(r=200),s.height=r):\"link\"===t.message&&(r=new URL(s.getAttribute(\"src\")),n=new URL(t.value),c.test(n.protocol))&&n.host===r.host&&l.activeElement===s&&(d.top.location.href=t.value))}},d.addEventListener(\"message\",d.wp.receiveEmbedMessage,!1),l.addEventListener(\"DOMContentLoaded\",function(){for(var e,t,s=l.querySelectorAll(\"iframe.wp-embedded-content\"),r=0;r<s.length;r++)(t=(e=s[r]).getAttribute(\"data-secret\"))||(t=Math.random().toString(36).substring(2,12),e.src+=\"#?secret=\"+t,e.setAttribute(\"data-secret\",t)),e.contentWindow.postMessage({message:\"ready\",secret:t},\"*\")},!1)))}(window,document);\n\/\/# sourceURL=https:\/\/matis.is\/wp-includes\/js\/wp-embed.min.js\n<\/script>","thumbnail_url":"https:\/\/matis.is\/wp-content\/uploads\/2021\/03\/oddur-og-gunnar-minni.jpg","thumbnail_width":2309,"thumbnail_height":1732,"description":"F\u00f6studaginn 19. mars s\u00ed\u00f0astli\u00f0inn t\u00f3k Oddur M\u00e1r Gunnarsson, forstj\u00f3ri Mat\u00eds ohf. \u00e1 m\u00f3ti Gunnari \u00deorgeirssyni, formanni stj\u00f3rnar Gar\u00f0yrkjusk\u00f3la \u00cdslands, \u00ed h\u00fasakynnum Mat\u00eds a\u00f0 V\u00ednlandslei\u00f0. Tilefni heims\u00f3knarinnar var a\u00f0 r\u00e6\u00f0a framhald \u00e1 samstarfsverkefnum a\u00f0ilanna tveggja \u00e1 vettvangi gar\u00f0yrkju og tengdum svi\u00f0um og \u00fe\u00e1 fj\u00f6lm\u00f6rgu m\u00f6guleika sem felast \u00ed samstarfinu."}

Matís

Aukið samstarf Matís við Garðyrkjuskóla Íslands - Matís

<blockquote class="wp-embedded-content" data-secret="sMRbpU6VS7"><a href="https://matis.is/en/frettir/aukid-samstarf-matis-vid-gardyrkjuskola-islands/">Increased collaboration between Matís and the Icelandic Horticultural School</a></blockquote><iframe sandbox="allow-scripts" security="restricted" src="https://matis.is/en/frettir/aukid-samstarf-matis-vid-gardyrkjuskola-islands/embed/#?secret=sMRbpU6VS7" width="600" height="338" title="&quot;Matís&#039; increased cooperation with the Icelandic School of Horticulture&quot; — Matís" data-secret="sMRbpU6VS7" frameborder="0" marginwidth="0" marginheight="0" scrolling="no" class="wp-embedded-content"></iframe><script>
/*! This file is auto-generated */
!function(d,l){"use strict";l.querySelector&&d.addEventListener&&"undefined"!=typeof URL&&(d.wp=d.wp||{},d.wp.receiveEmbedMessage||(d.wp.receiveEmbedMessage=function(e){var t=e.data;if((t||t.secret||t.message||t.value)&&!/[^a-zA-Z0-9]/.test(t.secret)){for(var s,r,n,a=l.querySelectorAll('iframe[data-secret="'+t.secret+'"]'),o=l.querySelectorAll('blockquote[data-secret="'+t.secret+'"]'),c=new RegExp("^https?:$","i"),i=0;i<o.length;i++)o[i].style.display="none";for(i=0;i<a.length;i++)s=a[i],e.source===s.contentWindow&&(s.removeAttribute("style"),"height"===t.message?(1e3<(r=parseInt(t.value,10))?r=1e3:~~r<200&&(r=200),s.height=r):"link"===t.message&&(r=new URL(s.getAttribute("src")),n=new URL(t.value),c.test(n.protocol))&&n.host===r.host&&l.activeElement===s&&(d.top.location.href=t.value))}},d.addEventListener("message",d.wp.receiveEmbedMessage,!1),l.addEventListener("DOMContentLoaded",function(){for(var e,t,s=l.querySelectorAll("iframe.wp-embedded-content"),r=0;r<s.length;r++)(t=(e=s[r]).getAttribute("data-secret"))||(t=Math.random().toString(36).substring(2,12),e.src+="#?secret="+t,e.setAttribute("data-secret",t)),e.contentWindow.postMessage({message:"ready",secret:t},"*")},!1)))}(window,document);
//# sourceURL=https://matis.is/wp-includes/js/wp-embed.min.js
</script>

Föstudaginn 19. mars síðastliðinn tók Oddur Már Gunnarsson, forstjóri Matís ohf. á móti Gunnari Þorgeirssyni, formanni stjórnar Garðyrkjuskóla Íslands, í húsakynnum Matís að Vínlandsleið. Tilefni heimsóknarinnar var að ræða framhald á samstarfsverkefnum aðilanna tveggja á vettvangi garðyrkju og tengdum sviðum og þá fjölmörgu möguleika sem felast í samstarfinu.
