{"version":"1.0","provider_name":"Mat\u00eds","provider_url":"https:\/\/matis.is\/en","title":"Netvi\u00f0bur\u00f0urinn North Atlantic Seafood Forum 8.-10. j\u00fan\u00ed - Mat\u00eds","type":"rich","width":600,"height":338,"html":"<blockquote class=\"wp-embedded-content\" data-secret=\"1TRWAnSHyv\"><a href=\"https:\/\/matis.is\/en\/frettir\/netvidburdurinn-north-atlantic-seafood-forum-8-10-juni\/\">The online event North Atlantic Seafood Forum 8.-10. June<\/a><\/blockquote><iframe sandbox=\"allow-scripts\" security=\"restricted\" src=\"https:\/\/matis.is\/en\/frettir\/netvidburdurinn-north-atlantic-seafood-forum-8-10-juni\/embed\/#?secret=1TRWAnSHyv\" width=\"600\" height=\"338\" title=\"The North Atlantic Seafood Forum Online Event 8-10. June \u201d- Mat\u00eds\" data-secret=\"1TRWAnSHyv\" frameborder=\"0\" marginwidth=\"0\" marginheight=\"0\" scrolling=\"no\" class=\"wp-embedded-content\"><\/iframe><script>\n\/*! This file is auto-generated *\/\n!function(d,l){\"use strict\";l.querySelector&&d.addEventListener&&\"undefined\"!=typeof URL&&(d.wp=d.wp||{},d.wp.receiveEmbedMessage||(d.wp.receiveEmbedMessage=function(e){var t=e.data;if((t||t.secret||t.message||t.value)&&!\/[^a-zA-Z0-9]\/.test(t.secret)){for(var s,r,n,a=l.querySelectorAll('iframe[data-secret=\"'+t.secret+'\"]'),o=l.querySelectorAll('blockquote[data-secret=\"'+t.secret+'\"]'),c=new RegExp(\"^https?:$\",\"i\"),i=0;i<o.length;i++)o[i].style.display=\"none\";for(i=0;i<a.length;i++)s=a[i],e.source===s.contentWindow&&(s.removeAttribute(\"style\"),\"height\"===t.message?(1e3<(r=parseInt(t.value,10))?r=1e3:~~r<200&&(r=200),s.height=r):\"link\"===t.message&&(r=new URL(s.getAttribute(\"src\")),n=new URL(t.value),c.test(n.protocol))&&n.host===r.host&&l.activeElement===s&&(d.top.location.href=t.value))}},d.addEventListener(\"message\",d.wp.receiveEmbedMessage,!1),l.addEventListener(\"DOMContentLoaded\",function(){for(var e,t,s=l.querySelectorAll(\"iframe.wp-embedded-content\"),r=0;r<s.length;r++)(t=(e=s[r]).getAttribute(\"data-secret\"))||(t=Math.random().toString(36).substring(2,12),e.src+=\"#?secret=\"+t,e.setAttribute(\"data-secret\",t)),e.contentWindow.postMessage({message:\"ready\",secret:t},\"*\")},!1)))}(window,document);\n\/\/# sourceURL=https:\/\/matis.is\/wp-includes\/js\/wp-embed.min.js\n<\/script>","thumbnail_url":"https:\/\/matis.is\/wp-content\/uploads\/2021\/01\/NASF-logo.png","thumbnail_width":1600,"thumbnail_height":1869,"description":"North Atlantic Seafood Forum fer fram dagana 8.-10. j\u00fan\u00ed og er lj\u00f3st a\u00f0 r\u00e1\u00f0stefnan ver\u00f0ur einn merkilegasti netvi\u00f0bur\u00f0ur \u00ed sj\u00e1var\u00fatvegi og fiskeldi \u00e1rsins 2021. Alls ver\u00f0a fluttir yfir 160 fyrirlestrar \u00ed 18 m\u00e1lstofum, og er b\u00faist vi\u00f0 yfir 2000 \u00fe\u00e1tttakendum v\u00ed\u00f0svegar a\u00f0 \u00far heiminum og \u00far hinum \u00fdmsu hlekkjum \u00ed vir\u00f0iske\u00f0ju sj\u00e1varafur\u00f0a. L\u00e1ttu ekki \u00feennan vi\u00f0bur\u00f0 fram hj\u00e1 \u00fe\u00e9r fara!"}

Matís

Netviðburðurinn North Atlantic Seafood Forum 8.-10. júní - Matís

<blockquote class="wp-embedded-content" data-secret="1TRWAnSHyv"><a href="https://matis.is/en/frettir/netvidburdurinn-north-atlantic-seafood-forum-8-10-juni/">The online event North Atlantic Seafood Forum 8.-10. June</a></blockquote><iframe sandbox="allow-scripts" security="restricted" src="https://matis.is/en/frettir/netvidburdurinn-north-atlantic-seafood-forum-8-10-juni/embed/#?secret=1TRWAnSHyv" width="600" height="338" title="The North Atlantic Seafood Forum Online Event 8-10. June ”- Matís" data-secret="1TRWAnSHyv" frameborder="0" marginwidth="0" marginheight="0" scrolling="no" class="wp-embedded-content"></iframe><script>
/*! This file is auto-generated */
!function(d,l){"use strict";l.querySelector&&d.addEventListener&&"undefined"!=typeof URL&&(d.wp=d.wp||{},d.wp.receiveEmbedMessage||(d.wp.receiveEmbedMessage=function(e){var t=e.data;if((t||t.secret||t.message||t.value)&&!/[^a-zA-Z0-9]/.test(t.secret)){for(var s,r,n,a=l.querySelectorAll('iframe[data-secret="'+t.secret+'"]'),o=l.querySelectorAll('blockquote[data-secret="'+t.secret+'"]'),c=new RegExp("^https?:$","i"),i=0;i<o.length;i++)o[i].style.display="none";for(i=0;i<a.length;i++)s=a[i],e.source===s.contentWindow&&(s.removeAttribute("style"),"height"===t.message?(1e3<(r=parseInt(t.value,10))?r=1e3:~~r<200&&(r=200),s.height=r):"link"===t.message&&(r=new URL(s.getAttribute("src")),n=new URL(t.value),c.test(n.protocol))&&n.host===r.host&&l.activeElement===s&&(d.top.location.href=t.value))}},d.addEventListener("message",d.wp.receiveEmbedMessage,!1),l.addEventListener("DOMContentLoaded",function(){for(var e,t,s=l.querySelectorAll("iframe.wp-embedded-content"),r=0;r<s.length;r++)(t=(e=s[r]).getAttribute("data-secret"))||(t=Math.random().toString(36).substring(2,12),e.src+="#?secret="+t,e.setAttribute("data-secret",t)),e.contentWindow.postMessage({message:"ready",secret:t},"*")},!1)))}(window,document);
//# sourceURL=https://matis.is/wp-includes/js/wp-embed.min.js
</script>

North Atlantic Seafood Forum fer fram dagana 8.-10. júní og er ljóst að ráðstefnan verður einn merkilegasti netviðburður í sjávarútvegi og fiskeldi ársins 2021. Alls verða fluttir yfir 160 fyrirlestrar í 18 málstofum, og er búist við yfir 2000 þátttakendum víðsvegar að úr heiminum og úr hinum ýmsu hlekkjum í virðiskeðju sjávarafurða. Láttu ekki þennan viðburð fram hjá þér fara!
